y - 2 = 0. Is 422/(-4)*(-22)/c composite?
True
Let j = -5358 + 2905. Let x = j - -4268. Let v = x + -1222. Is v prime?
True
Let z(r) = 3337*r**2 + 12*r - 107. Is z(6) prime?
True
Let v = 108576 + -17077. Is v a composite number?
False
Let t = -8615 - -27010. Suppose -509*w - t = -514*w. Is w prime?
False
Let m = -285 - -845. Suppose 14*g = 13*g + 480. Suppose -4*j + g = -4*q, 190 = -3*j + 5*q + m. Is j a composite number?
True
Suppose 8*k = 2*k + 30. Suppose 3816 = k*v + 2*p, 0*v - v = 3*p - 771. Let o = -443 + v. Is o prime?
False
Let a be (-1 + 4 + -3)/(-1). Let v(i) = -i**2 - 2*i + 110. Let x be v(a). Suppose 2*b = -3*m + 1355, x = b - 4*m - 551. Is b a prime number?
True
Let v(x) = 243*x - 41. Let o be ((-4)/3)/(170/(-24) + 7). Is v(o) composite?
False
Suppose 4*k - 9 + 57 = 0. Is (4803/(-6))/(6/k) a composite number?
False
Let m(t) = 93*t**3 + 11*t**2 + 17*t + 15. Let k(i) = 47*i**3 + 5*i**2 + 8*i + 7. Let l(w) = -13*k(w) + 6*m(w). Let g be l(2). Let x = 249 - g. Is x composite?
True
Let o = 421360 - 56861. Is o composite?
False
Suppose 17705 = m - 5*u, m - 4*u - 5440 - 12265 = 0. Suppose -5*i = -m - 11550. Is i a prime number?
True
Suppose 23*n - 1530535 = -344586. Is n a composite number?
False
Let a(c) = 5*c + 2. Let p be a(0). Suppose -403 = v + 6*i - p*i, -1217 = 3*v + 4*i. Let f = 762 + v. Is f a prime number?
False
Suppose 1689 = -2*x + 3*j - 1565, -4*j - 6508 = 4*x. Let c = x + 4858. Suppose -c = -11*w + 2423. Is w a composite number?
True
Let o(y) = 4303*y**2 + 87*y + 379. Is o(-5) a composite number?
True
Let s(w) = 306*w**3 + 10*w**2 - 10*w + 18. Let d be s(7). Let p = -72487 + d. Is p a prime number?
True
Let p = 1 + 3. Suppose -17 + 21 = p*n. Is ((-10)/2)/(n/(-218)*2) composite?
True
Let g(b) = -b**3 + 16*b**2 - 16*b + 20. Suppose -3*f + i + 65 = 6*i, -2*f - 5*i + 50 = 0. Let a be g(f). Is 2/a - (-2433)/5 prime?
True
Suppose 6*v - 4*p - 6272 = v, 4*v = 5*p + 5014. Let x = 1401 + v. Is x a prime number?
True
Let q(c) = 13*c**2 - 7 - 2 + 10. Let k be q(-1). Let t = k + 627. Is t prime?
True
Suppose -4*w - 459722 = -2*b, 5*b - 2*w + 115659 = 1264924. Suppose -19*d = -b + 72854. Is d a prime number?
True
Suppose 2*y + 1412 = 4*y. Let g = 1053 - y. Suppose 0*s = -4*s - 3*p + g, -5*p = 5*s - 440. Is s a composite number?
False
Let x(r) = r - 17. Let o be x(17). Suppose -5*k + 3*g + 2310 + 7552 = o, k - 5*g - 1968 = 0. Is k composite?
False
Suppose j + 8 = 5*j. Let g be (3 - j*21)/(-1). Let s = g + 122. Is s a composite number?
True
Let w = 17993 - -103578. Is w a prime number?
True
Is -5 + 0 + -54*2439/(-6) a prime number?
False
Let n be 18/(-48) - (-122)/(-16). Let b(a) be the third derivative of -7*a**6/60 - a**5/6 + 11*a**4/24 + 3*a**3/2 + 18*a**2. Is b(n) prime?
True
Suppose 0 = 4*o - 0*o - z - 28724, 0 = -5*o - z + 35896. Let h = o + 4485. Is h composite?
True
Suppose -2*x + 3*w = -10208, 0 = 3*x - 5*w - 9279 - 6033. Let h = 43 + x. Is h a composite number?
False
Suppose -73*w = -2160140 - 1776969. Is w prime?
False
Suppose y - 32 = -3*y. Let m be (y/(-14))/((-16)/56). Suppose 0 = -m*a + 75 + 223. Is a a prime number?
True
Let f = -55 + 66. Suppose -5*n - 4 = 2*c + 15, 0 = -2*c + n + f. Suppose -u + 1526 = -3*z, -c*z - 2243 = -4*u + 3816. Is u a composite number?
False
Is (6/(-4))/(10211151/2552790 - 4) - -6 prime?
True
Suppose 41*v - 10236157 = -3746144. Is v composite?
False
Let i = 8374 - -100083. Is i composite?
False
Suppose -277096 - 69944 = -16*j. Suppose -23*o + 5*o + j = 0. Is o prime?
False
Suppose -5*w = -2*s - 8275, 0 = 5*w + 2*s - 4221 - 4074. Is w a composite number?
False
Let b = 4591 - 14945. Let g = 41560 + b. Suppose 9*o - g = 3*o. Is o prime?
False
Let n(k) be the third derivative of 0*k + 1/6*k**4 - k**3 + 1/12*k**5 + 0 + 19*k**2. Is n(-7) a composite number?
False
Suppose -3*j = 2*t + 6*j - 222652, 0 = -2*t - 5*j + 222644. Is t prime?
True
Let r be 4036/(-8)*(-4)/1. Suppose -r = -4*q + 1098. Is q a composite number?
True
Suppose -5*s - 191 = -4*w, 10*w - 3*s - 229 = 5*w. Let m = w + -40. Is ((-739)/(-2))/(18/4 - m) a composite number?
False
Let z = -1250 + 1979. Let t = z - 132. Is t prime?
False
Suppose w + 74*w - 20047828 = 7*w. Is w a composite number?
False
Let m be 12734 + (1 - (6 - 10)). Suppose -9*w + m = -22424. Is w prime?
True
Suppose 0*y = 29*y - 9678754 - 5568547. Is y composite?
False
Let i = 467759 + -307660. Is i composite?
True
Let p(g) = -2*g**3 - 15*g**2 + 12*g - 15. Let c be p(-11). Let v = c + 2127. Is v composite?
True
Let o = -1133 - -2594. Suppose 2*s - o = -3*l, -549 + 2728 = 3*s + 2*l. Let w = s - 340. Is w composite?
False
Suppose -15*a + 31*a = -528. Is (-140932)/a + 3/9 prime?
True
Suppose -k = -56 + 31. Is 10/k - (-141886)/10 a prime number?
False
Let o = -23274 + 43895. Is o a composite number?
True
Let f be 24/48 - (-90)/4. Suppose g - 25 = -a - 4*a, 0 = -2*a - 3*g + f. Suppose d + 4*d - 403 = 4*o, a*d = 2*o + 326. Is d a composite number?
False
Suppose 2*d = -19*n + 17*n - 30950, -5*n - 77411 = -4*d. Let h = n + 30666. Is h prime?
True
Let y(r) = 301*r - 17. Suppose -2*c - 8 = -4*g, 2*c - 4 + 8 = 3*g. Is y(c) composite?
False
Let g(v) = 829*v + 1076. Is g(23) composite?
False
Let x be ((-46)/69)/((-4)/18*3). Is 9*20/90 + (x - -12456) a composite number?
True
Let d = 1041633 + -493054. Is d a prime number?
True
Let a(d) = 39*d**3 + d**2 + 3*d + 2. Suppose -4*l - 2 = -26. Let n be a(l). Suppose 4*y + 8485 = 5*x, -4*x = x - 3*y - n. Is x prime?
True
Let i(x) = -731*x - 4707. Is i(-58) a composite number?
False
Suppose 12*m - 17*m = 0. Suppose -3*d = m, 2*j + 0*j = d + 8654. Is j a prime number?
True
Let g = 179042 - -133651. Is g a prime number?
False
Suppose 27 = -5*v - 28. Let s(r) be the second derivative of r**4/12 + 7*r**3/6 - 7*r**2/2 - 4*r. Is s(v) prime?
True
Let q(b) = 4*b**2 - 2*b + 2. Let j be q(1). Suppose -4*z = -j*g + 25408, 0 = 4*z - 0 + 4. Is (g/6 - -1) + 12/8 prime?
True
Let f = 172 - 65. Let s(r) = -56*r - 2570. Let q be s(-33). Let l = f - q. Is l a prime number?
True
Is (1*-647)/(3/(-541)*10/30) prime?
False
Suppose 0 = -4*v - 12, 6*v - 85 = -5*l + v. Let k = l + 127. Suppose -c + 3*g + k = -64, -2*c + 2*g + 422 = 0. Is c composite?
False
Suppose -152*b = -868079 - 17043070 - 3370219. Is b a prime number?
True
Suppose 3*r + 91044 = 6*r + 5*a, -a = -2*r + 60709. Is r prime?
False
Suppose 0 = 8*n + 23 - 55. Let p(m) = 3*m + 3*m**2 + 4*m**2 - 2*m**2 + 5 - n*m**2 - 5*m**3. Is p(-2) prime?
True
Let m(o) = 91478*o**2 + o + 14. Is m(1) a prime number?
True
Suppose 10*v - 5*v = 0, -4*s + 3*v + 2560 = 0. Let d be 377*(56/(-7) - -7). Let y = d + s. Is y prime?
True
Suppose -24*t = -29*t + 4*a + 26917, 5*t + a = 26902. Is t composite?
False
Suppose -z = -4*y + 17670, 2*z + 22089 = 5*y - 0*y. Let s = -1980 + y. Is s a composite number?
False
Suppose 3*r - 379 = 659. Let i = 615 - r. Is i prime?
True
Let h = 217 + -205. Is (7 + -3)*(21087/h + 4) prime?
False
Suppose 3816932 = 107*x - 40271669. Is x prime?
False
Let f(k) = -3*k**3 - 58*k**2 - 58*k - 811. Is f(-48) a prime number?
True
Let w(a) = -34 + 12*a**2 - 4*a**2 + 9*a + 4. Let p be w(-6). Let h = -77 + p. Is h composite?
False
Suppose -2*i + 0*c + 4*c - 8 = 0, 5*i - 25 = -5*c. Suppose -5*v = -5*m + 5, -2*m - i*v - 6 = 8. Is (-1 - (1 + m))*1*2099 a composite number?
False
Let w be 40/(-12) + 3 - (-4)/(-6). Let l be ((0 + -1)*11 - w)*1. Is (-16365)/l + 4/8 prime?
True
Let q = 4232 + 151629. Is q prime?
True
Let c(f) = -f**2 - 4*f + 4. Let j be -2*(-5)/((-10)/4). Let b be c(j). Suppose -b*d + 4*i + 1272 = 0, -d - 4*i + 2*i = -306. Is d composite?
True
Let b(k) = -k**2 + k + 1. Let o(h) = -6*h**2 - 6*h - 2. Let a(z) = 2*b(z) - 2*o(z). Let n be a(8). Suppose -n = 6*m - 8*m. Is m a prime number?
True
Suppose 27*c - 894639 = 493080. Is c a composite number?
True
Suppose 3*d - 5*o = 216058, 4*d - 4*o = 208923 + 79141. Is d a prime number?
False
Suppose 4*g = 2*s + 1052, 6*s - 5*s - 789 = -3*g. Let i = 649 - g. Is i prime?
False
Let d be 1 + (-2 - 1/(-1)). Suppose d = 5*r - 1 - 9. Suppose 2*z - 5*b = 283, -3*z = -2*b - r*b - 435. Is z a composite number?
False
Suppose 5*o = -33 + 58. Suppose -s = -3*p + 4608, o*s + 0*s - 15 = 0. Is p a composite number?
True
Suppose 9*v - 4018 - 21893 = 0. Suppose -6*r + 7*r - v = 0. Is